d 192.
48
What is the highest common divisor of 13160 and 188?
188
Calculate the greatest common factor of 1666 and 2401.
49
What is the greatest common factor of 132 and 297?
33
Calculate the highest common divisor of 96 and 108.
12
What is the greatest common divisor of 8927 and 1469?
113
What is the highest common factor of 2262 and 26?
26
What is the greatest common factor of 71 and 3763?
71
Calculate the greatest common divisor of 1496 and 7106.
374
Calculate the greatest common divisor of 1131 and 464.
29
What is the highest common divisor of 62 and 93?
31
What is the greatest common divisor of 32 and 32192?
32
What is the greatest common divisor of 4207 and 14?
7
What is the highest common factor of 550 and 65?
5
What is the greatest common factor of 16 and 3928?
8
Calculate the greatest common divisor of 35 and 56.
7
What is the highest common divisor of 1517 and 259?
37
What is the greatest common factor of 1518 and 36?
6
Calculate the greatest common factor of 136 and 85.
17
Calculate the highest common divisor of 924 and 420.
84
Calculate the highest common factor of 572 and 5616.
52
Calculate the highest common divisor of 5 and 1370.
5
What is the greatest common divisor of 52 and 3796?
52
Calculate the highest common factor of 398 and 2.
2
What is the highest common divisor of 55 and 187?
11
Calculate the highest common divisor of 1 and 129.
1
Calculate the greatest common divisor of 58 and 551.
29
What is the highest common factor of 18 and 63?
9
Calculate the greatest common divisor of 168 and 19614.
42
Calculate the highest common factor of 60 and 8.
4
Calculate the highest common divisor of 2077 and 527.
31
What is the greatest common divisor of 10 and 610?
10
What is the greatest common divisor of 920 and 2576?
184
Calculate the highest common factor of 40 and 968.
8
Calculate the highest common factor of 3 and 33.
3
What is the highest common factor of 123 and 205?
41
What is the greatest common factor of 77 and 110?
11
Calculate the highest common factor of 1415 and 7641.
283
What is the greatest common factor of 27 and 177?
3
Calculate the highest common divisor of 28 and 18942.
14
Calculate the highest common divisor of 7222 and 184.
46
What is the highest common factor of 640 and 400?
80
Calculate the highest common factor of 45 and 144.
9
Calculate the greatest common factor of 656 and 246.
82
What is the greatest common divisor of 70 and 784?
14
What is the greatest common factor of 3948 and 1176?
84
Calculate the greatest common divisor of 9776 and 52.
52
Calculate the highest common divisor of 2142 and 147.
21
What is the highest common divisor of 71 and 2?
1
What is the greatest common factor of 354 and 885?
177
Calculate the highest common divisor of 215 and 86.
43
What is the highest common divisor of 26 and 16?
2
Calculate the highest common factor of 24 and 64.
8
What is the greatest common factor of 396 and 110?
22
What is the highest common factor of 2093 and 184?
23
What is the greatest common factor of 713 and 31?
31
Calculate the highest common factor of 3055 and 65.
65
Calculate the highest common factor of 78 and 1040.
26
What is the greatest common factor of 4 and 55?
1
What is the greatest common factor of 3260 and 30?
10
What is the greatest common factor of 9713 and 11?
11
Calculate the highest common factor of 24 and 5744.
8
Calculate the greatest common divisor of 8 and 1336.
8
What is the greatest common divisor of 266 and 1254?
38
Calculate the highest common divisor of 12 and 7468.
4
Calculate the highest common factor of 545 and 872.
109
Calculate the highest common divisor of 33 and 5907.
33
Calculate the greatest common divisor of 78 and 34.
2
Calculate the highest common divisor of 222 and 12.
6
Calculate the highest common divisor of 1155 and 363.
33
Calculate the greatest common divisor of 36 and 1098.
18
Calculate the greatest common factor of 15 and 1335.
15
What is the greatest common divisor of 120 and 10?
10
What is the greatest common divisor of 12 and 564?
12
What is the highest common factor of 2552 and 32?
8
What is the highest common divisor of 15325 and 50?
25
What is the greatest common divisor of 18 and 22662?
18
Calculate the greatest common factor of 75 and 105.
15
Calculate the highest common divisor of 4640 and 174.
58
Calculate the greatest common factor of 9550 and 15.
5
What is the greatest common factor of 445 and 178?
89
Calculate the highest common divisor of 24824 and 24.
8
What is the greatest common divisor of 78 and 12?
6
What is the greatest common divisor of 2 and 718?
2
What is the greatest common divisor of 45 and 3495?
15
Calculate the highest common divisor of 183 and 11712.
183
What is the highest common factor of 864 and 351?
27
Calculate the greatest common factor of 3 and 22.
1
Calculate the greatest common divisor of 12 and 24.
12
What is the greatest common divisor of 42 and 4473?
21
Calculate the highest common divisor of 528 and 165.
33
What is the highest common factor of 4 and 1144?
4
What is the highest common divisor of 592 and 8954?
74
What is the greatest common factor of 320 and 560?
80
Calculate the highest common factor of 720 and 84.
12
Calculate the highest common divisor of 7491 and 825.
33
Calculate the highest common divisor of 324 and 48.
12
Calculate the greatest common factor of 5535 and 15.
15
Calculate the highest common divisor of 70530 and 30.
30
Calculate the highest common divisor of 54 and 450.
18
Calculate the highest common factor of 1928 and 8.
8
What is the greatest common factor of 12308 and 476?
68
What is the highest common factor of 581 and 5?
1
Calculate the greatest common divisor of 365 and 146.
73
Calculate the highest common factor of 132 and 8448.
132
Calculate the greatest common factor of 8 and 200.
8
What is the greatest common factor of 77 and 329?
7
Calculate the highest common factor of 1037 and 122.
61
Calculate the highest common divisor of 25 and 67.
1
Calculate the highest common divisor of 41 and 2747.
41
Calculate the highest common divisor of 91 and 143.
13
What is the greatest common factor of 235 and 141?
47
Calculate the greatest common divisor of 114 and 760.
38
Calculate the greatest common divisor of 2146 and 58.
58
What is the greatest common divisor of 272 and 592?
16
What is the highest common divisor of 924 and 196?
28
What is the greatest common divisor of 3337 and 329?
47
What is the highest common factor of 234 and 2418?
78
What is the highest common factor of 27 and 6912?
27
Calculate the highest common divisor of 72 and 1176.
24
Calculate the highest common factor of 72 and 10728.
72
What is the greatest common divisor of 2336 and 32?
32
What is the highest common divisor of 899 and 145?
29
What is the highest common divisor of 35 and 15?
5
What is the greatest common factor of 36 and 1446?
6
Calculate the greatest common divisor of 17 and 6698.
17
Calculate the greatest common factor of 301 and 7.
7
Calculate the highest common divisor of 756 and 56.
28
What is the highest common divisor of 870 and 58?
58
Calculate the greatest common factor of 155 and 62.
31
Calculate the greatest common factor of 18 and 342.
18
What is the highest common divisor of 47166 and 168?
42
Calculate the greatest common factor of 13 and 949.
13
Calculate the greatest common divisor of 63 and 10773.
63
Calculate the greatest common divisor of 20844 and 162.
54
Calculate the highest common factor of 327 and 3.
3
Calculate the highest common divisor of 1131 and 3.
3
Calculate the highest common divisor of 22 and 385.
11
Calculate the greatest common divisor of 136 and 1496.
136
What is the highest common factor of 144 and 2808?
72
Calculate the greatest common factor of 139 and 52681.
139
Calculate the highest common factor of 341 and 22.
11
What is the highest common divisor of 27 and 1971?
27
What is the highest common factor of 51 and 6?
3
Calculate the highest common factor of 135 and 7515.
45
What is the highest common divisor of 10 and 1635?
5
What is the highest common factor of 36684 and 48?
12
Calculate the greatest common divisor of 806 and 124.
62
What is the greatest common factor of 586 and 2?
2
What is the greatest common factor of 45027 and 9?
9
What is the highest common factor of 608 and 